rmine y(j).
-5
Let u(n) = 10*n - 12. Let c be 5/(30/6) - (-15)/3. Let b(p) = -p + 1. Let v(f) = c*b(f) + u(f). What is v(4)?
10
Let g be ((-6)/(-4))/((-4)/(-8)). Let q(c) = 0 + g + 19*c**3 - 2. Suppose 71*n = 66*n - 25, 0 = 5*h - 4*n - 15. What is q(h)?
-18
Let b(v) = 40 + 282*v**2 + 3*v - 5*v - 258*v**2 + 6*v**3 - 2*v - 2*v**3. Let x(r) = -r**3 - 6*r**2 + r - 9. Let y(d) = 2*b(d) + 9*x(d). What is y(-6)?
-7
Suppose 2*a - 5594 = -y, -3*y + a - 154 = -16957. Let n be (-4)/(-46) + y/(-920). Let c(d) = 3*d - 5. What is c(n)?
-23
Suppose 0 = 4*q - 30 + 6. Suppose -20*v + 23*v - 66 = 0. Let h(y) = v*y + 7*y**2 - y**3 + 567 - 29*y - 568. Determine h(q).
-7
Let y(h) be the third derivative of h**6/120 + 7*h**5/60 - 5*h**4/24 + h**3/6 - h**2 + 460*h. Suppose -4*o + 0 + 18 = -2*t, 0 = -5*t + 4*o - 39. Determine y(t).
36
Let q = 17510 + -105059/6. Let d(w) be the second derivative of -q*w**4 - 2/3*w**3 - 3/2*w**2 + 0 + 3/20*w**5 + 28*w. Determine d(-2).
-27
Let i(k) = 17*k - 15 + 13*k - 9*k - k. What is i(2)?
25
Let f(a) = a**3 + 29*a**2 - 6*a - 171. Let y = -11161 - -11132. Give f(y).
3
Let s(g) = -9*g + 16. Suppose -3*a + 8*a + f - 2 = 0, 0 = 2*a + 2*f + 4. Give s(a).
7
Let t(z) be the third derivative of -1/3*z**3 + 1/24*z**4 - z + 0 + 7*z**2. What is t(-1)?
-3
Let n(c) = -c**3 - 4*c**2 + 5*c + 5. Suppose 45 = -132*s + 127*s. Let p(q) = 2*q**2 + 16*q - 22. Let o be p(s). Give n(o).
-15
Let m(c) = c**2 - 10*c + 11. Let k be m(8). Let x = -43 + 45. Let j(i) = -6*i + 17*i - 12*i - 1 + 5*i**x + 0*i**3 + i**3. Determine j(k).
4
Let j be 2/3*-6*910/520. Let t(v) = -5*v**3 - v + 1. Suppose 5*h = 4*h - 6. Let o(k) = 4*k**3 - k**2 + 2*k - 1. Let g(u) = h*o(u) - 5*t(u). Determine g(j).
1
Suppose 5*h = a - 385, 4*h - 3*a - 128 + 436 = 0. Let v(w) = -w**3 - 78*w**2 - 70*w + 539. Calculate v(h).
0
Let i be (-26)/((-2)/1) - 3. Let o = 3 - i. Let d(x) = -21*x + 61 - 58 + 11*x + 11*x. Give d(o).
-4
Let i(o) = -5*o - 86. Let z(t) = 2*t + 34. Let x(g) = 3*i(g) + 7*z(g). Determine x(-1).
-19
Suppose -g = -2 + 6. Let l(z) = -5*z**2 - 9*z + 4. Let x(s) = -4*s**2 - 7*s + 4. Let t(m) = -5*l(m) + 6*x(m). Give t(g).
8
Let x(n) = -18*n + 15. Let s(f) = -7*f + 7. Let h be ((-2)/(12/(-10)))/(13/(-39)). Let b(u) = h*s(u) + 2*x(u). Give b(0).
-5
Let z = 299 - 399. Let y be (z/15 - -2)/(2/3). Let f(c) = -c - 9. Determine f(y).
-2
Let i = 1 + -2. Let w(d) be the third derivative of 11*d**6/40 - d**5/30 - d**4/24 + d**2 - 833. What is w(i)?
-34
Suppose -2*h + 6*h = 2*h - 2. Let y(o) = -o**2 + 14*o + 13. Determine y(h).
-2
Let r = 3604 + -3608. Let b(w) = -w**2 - 2*w + 8. Determine b(r).
0
Let s(f) = -3*f - 3. Suppose -9*u + 8*u = -41. Let o = u + -41. Suppose 4*g - 48 + 56 = o. Give s(g).
3
Let c(n) = -n**2 + 7*n + 11. Let u = 1056 - 985. Let h be (-250)/(-4) - 1/2. Let p = u - h. Determine c(p).
-7
Let t(w) be the third derivative of -1/8*w**4 + 0*w + 0 + 216*w**2 - 7/60*w**5 + 1/3*w**3. Give t(1).
-8
Let w(j) be the second derivative of -7/6*j**3 - 3*j**2 + 117*j + 0 - 1/12*j**4. Determine w(-6).
0
Let a(u) = -u**3 + 23*u**2 + 23*u + 21. Let d = -653 - -677. Give a(d).
-3
Let i = 20912 + -20905. Let f(l) be the first derivative of i*l - 1/2*l**2 + 8. What is f(5)?
2
Let n(d) = 4*d**2 - 1. Let w(k) = 3*k**2. Let f = -407 + 411. Let z(x) = f*n(x) - 5*w(x). Give z(-3).
5
Suppose 58 - 52 = 3*r. Let c(d) = 5*d + 1 - 4*d**2 + 3 + 3*d**r - 8 + 0. Calculate c(4).
0
Suppose -1309 = -18*z + 347. Let n = z + -89. Let o(w) = -n*w - 12 - 9*w - w**2 + 11*w. What is o(0)?
-12
Let x(q) = 2*q + 4. Let y(v) = v + 3. Let z(w) = -2*x(w) + 3*y(w). Suppose 0 = 3*s + k - 119, 3*s - 124 = 3*k + k. Let j be (-2)/5 - (-256)/s. Give z(j).
-5
Let y(t) = 115*t**3 + 3*t**2 - 39*t**3 - 86*t**3 - 3. Give y(-1).
10
Let y(r) = r**2 + 10*r + 14. Let g(v) = v**3 - 9*v**2 + 17*v + 10. Let d be g(5). Calculate y(d).
-11
Let l(s) be the second derivative of s**8/3360 + s**7/1260 - s**5/60 - s**4/4 + 2*s**3/3 - 4*s - 10. Let b(n) be the third derivative of l(n). What is b(2)?
22
Let l(o) = o**2 - 2*o - 1. Let s be (-2)/((-8)/10 - (-20)/50). Suppose -j - s = -3*u, -3*j + 4 = 2*u - 3. Calculate l(u).
-1
Suppose 4*u + 4 = -24. Let v be 0*(75/10 + u). Let w(x) = x + 2. Determine w(v).
2
Let a(k) be the second derivative of k**5/20 + 7*k**4/12 - k**3/3 - k + 41. Let p(n) = -2*n**3 - 9*n**2 + 2*n. Let g(l) = -3*a(l) - 2*p(l). What is g(3)?
6
Let r(g) = -20 + 47*g**3 - 32*g**3 - 16*g**3 - 224*g + 30*g**2. Let z be r(15). Let y(u) = u**3 + 4*u**2 - 3*u + 9. Give y(z).
-1
Let s = 2130 + -2137. Let n(v) = v**2 - 4*v - 79. Calculate n(s).
-2
Let a(y) be the second derivative of -1/3*y**3 + 1/12*y**4 + 3 - 4*y + 1/2*y**2 - 2/5*y**5. What is a(1)?
-8
Let h(b) = -2*b + 25. Suppose 2*g = -f + 3, 5*f - 28 = -0*f + 3*g. What is h(f)?
15
Let v(c) be the first derivative of c**4/4 - 3*c**3 + 11*c**2 - 12*c - 3785. Calculate v(6).
12
Suppose 17*u = 4*u + 78. Let p be (-3)/(-3 + 20/u) - -2. Let z(i) = i**3 + 7*i**2 + 3*i + 3. Calculate z(p).
-18
Let l(i) = -i. Let x(b) = -35*b + 12*b**2 - b**3 + 24 + 106*b - 29*b - 33*b. Let q(s) = -2*l(s) + x(s). What is q(13)?
-2
Let x = 6125 - 6162. Let r(y) = 2*y + 71. Calculate r(x).
-3
Let l(y) be the second derivative of y**7/2520 + y**6/80 + y**5/24 + 5*y**4/12 + y - 8. Let d(n) be the third derivative of l(n). Determine d(-10).
15
Let n(f) be the second derivative of -f**4/12 - 3*f**3/2 + 56*f**2 + 85*f. Let v(b) be the first derivative of n(b). Give v(-7).
5
Let a(h) = 4*h - 10. Suppose 4*p - 199 = -207. Let f be (p/(-8))/(1722/(-216) - -8). Give a(f).
26
Let h be ((-6)/33)/(30/(-990)). Let j = -4 - -7. Let d(x) = -h*x**j + 18*x - 19*x - 4 + 3 + x**2. Calculate d(-1).
7
Let i(f) = 22*f - 28*f - 2*f**3 + 9*f + f**3 - 4*f**2 + 2 - 2*f**3. Determine i(2).
-32
Let w(u) = 5*u**2 - 22*u + 22. Let t(x) = 4*x**2 - 23*x + 17. Let d(n) = -4*t(n) + 3*w(n). Determine d(27).
-29
Let n(h) = 2*h + 52. Let x be n(-18). Let k = 34 - -10. Suppose -k - x = 10*b. Let r(u) = u**2 + 7*u + 6. Calculate r(b).
0
Let u(l) = -l**3 - 10*l**2 - 9*l - 10. Let y be u(-9). Let k be 321/(-36) - y/(-120). Let s(w) = -2*w - 11. Give s(k).
7
Let v(d) = 15*d + 114. Let b(a) = -7*a - 87. Let h(c) = -5*b(c) - 4*v(c). Give h(-6).
129
Let d(s) = -s**2 - 14*s + 18. Let g be (-133)/7 + (-3 + -5)*-1. What is d(g)?
51
Suppose 12*h + 18 = 9*h. Let k(w) = -w**3 + w**2. Let f(q) = -7*q**3 - q**2 + 3. Let y(b) = b**2 + 1. Let p be y(0). Let r(d) = h*k(d) + p*f(d). What is r(-7)?
3
Let c(b) = -63*b**2 - 64*b**2 - 63*b**2 - 41*b + 241*b**2 - 57*b**2. Calculate c(-7).
-7
Let v(t) be the second derivative of t**4/12 + 53*t**3/6 - 84*t**2 + 3*t - 1963. Calculate v(3).
0
Let g = 8503 + -8489. Let d(n) = -2*n + 36. Give d(g).
8
Let f(h) be the first derivative of 2*h**3/3 - 8*h**2 + 17*h - 276. Determine f(5).
-13
Let u(k) = 49*k + 13*k**3 - 4*k**2 - 7*k**3 - 9*k**3 - 5 - 44*k. Determine u(2).
-35
Let q(w) = w**2 + w - 6. Suppose 3*j = f + 70 + 26, -3*j + 87 = -4*f. Let p = j + -33. Determine q(p).
-6
Let y(v) be the second derivative of v**4/12 - 5*v**3/6 - 3*v**2/2 + 3*v. Suppose 0 = 3*d - m - 12, -17*d + 2*m - 9 = -22*d. Give y(d).
-9
Suppose 0 = 2*i - 7*i + 15. Let p be 1/((-12)/(-132)) - 9. Let h(x) = -7*x - i + 2 + 6*x + p. What is h(1)?
0
Suppose 2*w - 28 = 3*p - 119, -5*p - 4*w = -115. Let a(t) be the second derivative of 1/20*t**5 - p*t - 5/6*t**3 + 0 - 1/6*t**4 - 1/2*t**2. Calculate a(4).
11
Let q be (0 - -10) + (-2 - -1). Let f(z) = 4767*z - 31. Let v(o) = -773*o + 5. Let y(k) = 6*f(k) + 37*v(k). Calculate y(q).
8
Let l(c) = -c - 5. Let o(j) = -j**2 + 25. Let a(q) = -5*l(q) - o(q). Determine a(-6).
6
Let s(z) be the second derivative of -1/3*z**3 + 0 + 6*z + 0*z**2. Let n(p) = -p**2 + 16*p - 11. Let k be n(15). What is s(k)?
-8
Let w(j) = j**3 - 9*j**2 - 3*j - 16. Suppose -76*u = -272*u + 1764. Give w(u).
-43
Let h(j) be the third derivative of -j**6/120 - 7*j**5/60 - 7*j**4/24 + j**3/3 + 9*j**2. Let c be 5*(-12)/90*(-4 + (-46)/(-4)). Determine h(c).
-13
Let l(n) = n**3 + 4*n**2 + 725 + 732 + 5*n + 731 - 2186. Give l(-5).
-48
Let x(p) = p + 42. Let y be x(-36). Let j(i) be the third derivative of 0 + 1/12*i**5 + 4*i**2 + 5/24*i**4 + 0*i - 1/120*i**6 - 1/3*i**3. Calculate j(y).
-8
Let m be 0/(-1) - 2/8*8. Let u(t) = -3*t. Let d(z) = 4*z 